{"id":108,"date":"2018-08-16T15:09:46","date_gmt":"2018-08-16T13:09:46","guid":{"rendered":"http:\/\/wordpress.p524392.webspaceconfig.de\/?page_id=108"},"modified":"2024-03-21T18:21:41","modified_gmt":"2024-03-21T17:21:41","slug":"huepfburg-mieten","status":"publish","type":"page","link":"https:\/\/www.springhelden.de\/home\/huepfburg-mieten\/","title":{"rendered":"H\u00fcpfburg Mieten"},"content":{"rendered":"\t\t<div data-elementor-type=\"wp-post\" data-elementor-id=\"108\" class=\"elementor elementor-108\" data-elementor-post-type=\"page\">\n\t\t\t\t\t\t<section class=\"elementor-section elementor-top-section elementor-element elementor-element-6369c46 elementor-section-boxed elementor-section-height-default elementor-section-height-default\" data-id=\"6369c46\" data-element_type=\"section\">\n\t\t\t\t\t\t<div class=\"elementor-container elementor-column-gap-default\">\n\t\t\t\t\t<div class=\"elementor-column elementor-col-100 elementor-top-column elementor-element elementor-element-751f40a\" data-id=\"751f40a\" data-element_type=\"column\">\n\t\t\t<div class=\"elementor-widget-wrap elementor-element-populated\">\n\t\t\t\t\t\t<div class=\"elementor-element elementor-element-4c7b1af elementor-widget elementor-widget-heading\" data-id=\"4c7b1af\" data-element_type=\"widget\" data-widget_type=\"heading.default\">\n\t\t\t\t<div class=\"elementor-widget-container\">\n\t\t\t\t\t<h1 class=\"elementor-heading-title elementor-size-default\">H\u00fcpfburg anfragen<\/h1>\t\t\t\t<\/div>\n\t\t\t\t<\/div>\n\t\t\t\t\t<\/div>\n\t\t<\/div>\n\t\t\t\t\t<\/div>\n\t\t<\/section>\n\t\t\t\t<section class=\"elementor-section elementor-top-section elementor-element elementor-element-42a59b6 elementor-section-boxed elementor-section-height-default elementor-section-height-default\" data-id=\"42a59b6\" data-element_type=\"section\">\n\t\t\t\t\t\t<div class=\"elementor-container elementor-column-gap-default\">\n\t\t\t\t\t<div class=\"elementor-column elementor-col-100 elementor-top-column elementor-element elementor-element-0e14a7a\" data-id=\"0e14a7a\" data-element_type=\"column\">\n\t\t\t<div class=\"elementor-widget-wrap elementor-element-populated\">\n\t\t\t\t\t\t<div class=\"elementor-element elementor-element-287fa0e elementor-button-align-stretch elementor-widget elementor-widget-form\" data-id=\"287fa0e\" data-element_type=\"widget\" data-settings=\"{&quot;step_next_label&quot;:&quot;N\\u00e4chster&quot;,&quot;step_previous_label&quot;:&quot;Voriger&quot;,&quot;button_width&quot;:&quot;100&quot;,&quot;step_type&quot;:&quot;number_text&quot;,&quot;step_icon_shape&quot;:&quot;circle&quot;}\" data-widget_type=\"form.default\">\n\t\t\t\t<div class=\"elementor-widget-container\">\n\t\t\t\t\t\t\t<form class=\"elementor-form\" method=\"post\" name=\"H\u00fcpfburg-Buchen\">\n\t\t\t<input type=\"hidden\" name=\"post_id\" value=\"108\"\/>\n\t\t\t<input type=\"hidden\" name=\"form_id\" value=\"287fa0e\"\/>\n\t\t\t<input type=\"hidden\" name=\"referer_title\" value=\"\" \/>\n\n\t\t\t\n\t\t\t<div class=\"elementor-form-fields-wrapper elementor-labels-above\">\n\t\t\t\t\t\t\t\t<div class=\"elementor-field-type-text elementor-field-group elementor-column elementor-field-group-name elementor-col-100 elementor-field-required elementor-mark-required\">\n\t\t\t\t\t\t\t\t\t\t\t\t<label for=\"form-field-name\" class=\"elementor-field-label\">\n\t\t\t\t\t\t\t\tName\t\t\t\t\t\t\t<\/label>\n\t\t\t\t\t\t\t\t\t\t\t\t\t\t<input size=\"1\" type=\"text\" name=\"form_fields[name]\" id=\"form-field-name\" class=\"elementor-field elementor-size-lg  elementor-field-textual\" placeholder=\"Name\" required=\"required\">\n\t\t\t\t\t\t\t\t\t\t\t<\/div>\n\t\t\t\t\t\t\t\t<div class=\"elementor-field-type-text elementor-field-group elementor-column elementor-field-group-field_4c01e90 elementor-col-100 elementor-field-required elementor-mark-required\">\n\t\t\t\t\t\t\t\t\t\t\t\t<label for=\"form-field-field_4c01e90\" class=\"elementor-field-label\">\n\t\t\t\t\t\t\t\tTelefonnummer\t\t\t\t\t\t\t<\/label>\n\t\t\t\t\t\t\t\t\t\t\t\t\t\t<input size=\"1\" type=\"text\" name=\"form_fields[field_4c01e90]\" id=\"form-field-field_4c01e90\" class=\"elementor-field elementor-size-lg  elementor-field-textual\" required=\"required\">\n\t\t\t\t\t\t\t\t\t\t\t<\/div>\n\t\t\t\t\t\t\t\t<div class=\"elementor-field-type-email elementor-field-group elementor-column elementor-field-group-email elementor-col-100 elementor-field-required elementor-mark-required\">\n\t\t\t\t\t\t\t\t\t\t\t\t<label for=\"form-field-email\" class=\"elementor-field-label\">\n\t\t\t\t\t\t\t\tE-Mail\t\t\t\t\t\t\t<\/label>\n\t\t\t\t\t\t\t\t\t\t\t\t\t\t<input size=\"1\" type=\"email\" name=\"form_fields[email]\" id=\"form-field-email\" class=\"elementor-field elementor-size-lg  elementor-field-textual\" placeholder=\"E-Mail\" required=\"required\">\n\t\t\t\t\t\t\t\t\t\t\t<\/div>\n\t\t\t\t\t\t\t\t<div class=\"elementor-field-type-textarea elementor-field-group elementor-column elementor-field-group-message elementor-col-100 elementor-field-required elementor-mark-required\">\n\t\t\t\t\t\t\t\t\t\t\t\t<label for=\"form-field-message\" class=\"elementor-field-label\">\n\t\t\t\t\t\t\t\tNachricht\t\t\t\t\t\t\t<\/label>\n\t\t\t\t\t\t<textarea class=\"elementor-field-textual elementor-field  elementor-size-lg\" name=\"form_fields[message]\" id=\"form-field-message\" rows=\"4\" placeholder=\"Nachricht\" required=\"required\"><\/textarea>\t\t\t\t<\/div>\n\t\t\t\t\t\t\t\t<div class=\"elementor-field-type-select elementor-field-group elementor-column elementor-field-group-field_e03f31f elementor-col-100 elementor-field-required elementor-mark-required\">\n\t\t\t\t\t\t\t\t\t\t\t\t<label for=\"form-field-field_e03f31f\" class=\"elementor-field-label\">\n\t\t\t\t\t\t\t\tH\u00fcpfburg\t\t\t\t\t\t\t<\/label>\n\t\t\t\t\t\t\t\t<div class=\"elementor-field elementor-select-wrapper remove-before \">\n\t\t\t<div class=\"select-caret-down-wrapper\">\n\t\t\t\t<i aria-hidden=\"true\" class=\"eicon-caret-down\"><\/i>\t\t\t<\/div>\n\t\t\t<select name=\"form_fields[field_e03f31f]\" id=\"form-field-field_e03f31f\" class=\"elementor-field-textual elementor-size-lg\" required=\"required\">\n\t\t\t\t\t\t\t\t\t<option value=\"Piratenschiff \/ 260,-\u20ac pro Tag \">Piratenschiff \/ 260,-\u20ac pro Tag <\/option>\n\t\t\t\t\t\t\t\t\t<option value=\"Zirkus \/ 150,- \u20ac pro Tag\">Zirkus \/ 150,- \u20ac pro Tag<\/option>\n\t\t\t\t\t\t\t\t\t<option value=\"Unterwasserwelt \/ 150,- \u20ac pro Tag\">Unterwasserwelt \/ 150,- \u20ac pro Tag<\/option>\n\t\t\t\t\t\t\t\t\t<option value=\"Delfin \/ 150,- \u20ac pro Tag\">Delfin \/ 150,- \u20ac pro Tag<\/option>\n\t\t\t\t\t\t\t\t\t<option value=\"Truck \/ 300,- \u20ac pro Tag\">Truck \/ 300,- \u20ac pro Tag<\/option>\n\t\t\t\t\t\t\t\t\t<option value=\"Fu\u00dfball-Dart \/ 200,- \u20ac pro Tag\">Fu\u00dfball-Dart \/ 200,- \u20ac pro Tag<\/option>\n\t\t\t\t\t\t\t\t\t<option value=\"Riesen-Rutsche \/ 350,- \u20ac pro Tag\">Riesen-Rutsche \/ 350,- \u20ac pro Tag<\/option>\n\t\t\t\t\t\t\t\t\t<option value=\"Kuh\/ 160,-\u20ac pro Tag\">Kuh\/ 160,-\u20ac pro Tag<\/option>\n\t\t\t\t\t\t\t\t\t<option value=\"PawPatrol Basic\/ 170,-\u20ac pro Tag\">PawPatrol Basic\/ 170,-\u20ac pro Tag<\/option>\n\t\t\t\t\t\t\t\t\t<option value=\"PawPatrol Parcour\/ 200,-\u20ac pro Tag\">PawPatrol Parcour\/ 200,-\u20ac pro Tag<\/option>\n\t\t\t\t\t\t\t\t\t<option value=\"Pirat \/ 170,-\u20ac pro Tag\">Pirat \/ 170,-\u20ac pro Tag<\/option>\n\t\t\t\t\t\t\t\t\t<option value=\"Piratenschiff-Rutsche\/ 250,- \u20ac pro Tag\">Piratenschiff-Rutsche\/ 250,- \u20ac pro Tag<\/option>\n\t\t\t\t\t\t\t\t\t<option value=\"Twister \/ 120,- \u20ac pro Tag\">Twister \/ 120,- \u20ac pro Tag<\/option>\n\t\t\t\t\t\t\t\t\t<option value=\"Fu\u00dfball \/ 150,- \u20ac pro Tag\">Fu\u00dfball \/ 150,- \u20ac pro Tag<\/option>\n\t\t\t\t\t\t\t\t\t<option value=\"Rodelbahn \/ 250,- \u20ac pro Tag\">Rodelbahn \/ 250,- \u20ac pro Tag<\/option>\n\t\t\t\t\t\t\t\t\t<option value=\"Kinderrodeo \/ 150,-\u20ac pro Tag\">Kinderrodeo \/ 150,-\u20ac pro Tag<\/option>\n\t\t\t\t\t\t\t\t\t<option value=\"Torwand gr\u00fcn \/ 120,- \u20ac pro Tag\">Torwand gr\u00fcn \/ 120,- \u20ac pro Tag<\/option>\n\t\t\t\t\t\t\t\t\t<option value=\"Torwand gelb \/ 120,- \u20ac pro Tag\">Torwand gelb \/ 120,- \u20ac pro Tag<\/option>\n\t\t\t\t\t\t\t\t\t<option value=\"Torwand Fu\u00dfball \/ 120,- \u20ac pro Tag\">Torwand Fu\u00dfball \/ 120,- \u20ac pro Tag<\/option>\n\t\t\t\t\t\t\t\t\t<option value=\"Menschenkicker \/ 250,- \u20ac pro Tag\">Menschenkicker \/ 250,- \u20ac pro Tag<\/option>\n\t\t\t\t\t\t\t\t\t<option value=\"Luftfu\u00dfball \/ 120,- \u20ac pro Tag\">Luftfu\u00dfball \/ 120,- \u20ac pro Tag<\/option>\n\t\t\t\t\t\t\t\t\t<option value=\"Kletterturm \/ 350,-\u20ac pro Tag\">Kletterturm \/ 350,-\u20ac pro Tag<\/option>\n\t\t\t\t\t\t\t\t\t<option value=\"Kleinkindspielplatz \/ 350,- \u20ac pro Tag\">Kleinkindspielplatz \/ 350,- \u20ac pro Tag<\/option>\n\t\t\t\t\t\t\t\t\t<option value=\"Hau-den-Lukas-Kids \/ 120,-\u20ac pro Tag\">Hau-den-Lukas-Kids \/ 120,-\u20ac pro Tag<\/option>\n\t\t\t\t\t\t\t\t\t<option value=\"Hau-den-Lukas \/ 150,- \u20ac pro Tag\">Hau-den-Lukas \/ 150,- \u20ac pro Tag<\/option>\n\t\t\t\t\t\t\t\t\t<option value=\"Dartscheibe \/ 120,- \u20ac pro Tag\">Dartscheibe \/ 120,- \u20ac pro Tag<\/option>\n\t\t\t\t\t\t\t\t\t<option value=\"Irrgarten \/ 350,- \u20ac pro Tag\">Irrgarten \/ 350,- \u20ac pro Tag<\/option>\n\t\t\t\t\t\t\t\t\t<option value=\"Doppelrutsche \/ 350,- \u20ac pro Tag\">Doppelrutsche \/ 350,- \u20ac pro Tag<\/option>\n\t\t\t\t\t\t\t\t\t<option value=\"Clownbogen \/ 120,- \u20ac pro Tag\">Clownbogen \/ 120,- \u20ac pro Tag<\/option>\n\t\t\t\t\t\t\t\t\t<option value=\"Megapark\">Megapark<\/option>\n\t\t\t\t\t\t\t<\/select>\n\t\t<\/div>\n\t\t\t\t\t\t<\/div>\n\t\t\t\t\t\t\t\t<div class=\"elementor-field-type-date elementor-field-group elementor-column elementor-field-group-field_ee9b4b4 elementor-col-100 elementor-field-required elementor-mark-required\">\n\t\t\t\t\t\t\t\t\t\t\t\t<label for=\"form-field-field_ee9b4b4\" class=\"elementor-field-label\">\n\t\t\t\t\t\t\t\tBuchungstag (falls die Buchung \u00fcber mehrere Tage gehen soll, gerne im Nachrichtenfeld erw\u00e4hnen)\t\t\t\t\t\t\t<\/label>\n\t\t\t\t\t\t\n\t\t<input type=\"date\" name=\"form_fields[field_ee9b4b4]\" id=\"form-field-field_ee9b4b4\" class=\"elementor-field elementor-size-lg  elementor-field-textual elementor-date-field\" required=\"required\" pattern=\"[0-9]{4}-[0-9]{2}-[0-9]{2}\">\n\t\t\t\t\t\t<\/div>\n\t\t\t\t\t\t\t\t<div class=\"elementor-field-type-checkbox elementor-field-group elementor-column elementor-field-group-field_f530849 elementor-col-100\">\n\t\t\t\t\t\t\t\t\t\t\t\t<label for=\"form-field-field_f530849\" class=\"elementor-field-label\">\n\t\t\t\t\t\t\t\tLieferung oder Selbstabholung\t\t\t\t\t\t\t<\/label>\n\t\t\t\t\t\t<div class=\"elementor-field-subgroup  \"><span class=\"elementor-field-option\"><input type=\"checkbox\" value=\"Selbstabholung\" id=\"form-field-field_f530849-0\" name=\"form_fields[field_f530849][]\"> <label for=\"form-field-field_f530849-0\">Selbstabholung<\/label><\/span><span class=\"elementor-field-option\"><input type=\"checkbox\" value=\"Lieferung\" id=\"form-field-field_f530849-1\" name=\"form_fields[field_f530849][]\"> <label for=\"form-field-field_f530849-1\">Lieferung<\/label><\/span><span class=\"elementor-field-option\"><input type=\"checkbox\" value=\"Aufbau\" id=\"form-field-field_f530849-2\" name=\"form_fields[field_f530849][]\"> <label for=\"form-field-field_f530849-2\">Aufbau<\/label><\/span><\/div>\t\t\t\t<\/div>\n\t\t\t\t\t\t\t\t<div class=\"elementor-field-type-checkbox elementor-field-group elementor-column elementor-field-group-field_0772283 elementor-col-100\">\n\t\t\t\t\t\t\t\t\t\t\t\t<label for=\"form-field-field_0772283\" class=\"elementor-field-label\">\n\t\t\t\t\t\t\t\tAnh\u00e4nger f\u00fcr Selbstabholung ben\u00f6tigt?\t\t\t\t\t\t\t<\/label>\n\t\t\t\t\t\t<div class=\"elementor-field-subgroup  elementor-subgroup-inline\"><span class=\"elementor-field-option\"><input type=\"checkbox\" value=\"Ja\" id=\"form-field-field_0772283-0\" name=\"form_fields[field_0772283][]\"> <label for=\"form-field-field_0772283-0\">Ja<\/label><\/span><span class=\"elementor-field-option\"><input type=\"checkbox\" value=\"Nein\" id=\"form-field-field_0772283-1\" name=\"form_fields[field_0772283][]\"> <label for=\"form-field-field_0772283-1\">Nein<\/label><\/span><\/div>\t\t\t\t<\/div>\n\t\t\t\t\t\t\t\t<div class=\"elementor-field-group elementor-column elementor-field-type-submit elementor-col-100 e-form__buttons\">\n\t\t\t\t\t<button class=\"elementor-button elementor-size-md\" type=\"submit\">\n\t\t\t\t\t\t<span class=\"elementor-button-content-wrapper\">\n\t\t\t\t\t\t\t\t\t\t\t\t\t\t\t<span class=\"elementor-button-icon\">\n\t\t\t\t\t\t\t\t\t<i aria-hidden=\"true\" class=\"far fa-envelope\"><\/i>\t\t\t\t\t\t\t\t\t\t\t\t\t\t\t\t\t<\/span>\n\t\t\t\t\t\t\t\t\t\t\t\t\t\t\t\t\t\t\t\t\t\t<span class=\"elementor-button-text\">Senden<\/span>\n\t\t\t\t\t\t\t\t\t\t\t\t\t<\/span>\n\t\t\t\t\t<\/button>\n\t\t\t\t<\/div>\n\t\t\t<\/div>\n\t\t<\/form>\n\t\t\t\t\t\t<\/div>\n\t\t\t\t<\/div>\n\t\t\t\t\t<\/div>\n\t\t<\/div>\n\t\t\t\t\t<\/div>\n\t\t<\/section>\n\t\t\t\t<section class=\"elementor-section elementor-top-section elementor-element elementor-element-e4f9ad9 elementor-section-boxed elementor-section-height-default elementor-section-height-default\" data-id=\"e4f9ad9\" data-element_type=\"section\">\n\t\t\t\t\t\t<div class=\"elementor-container elementor-column-gap-default\">\n\t\t\t\t\t<div class=\"elementor-column elementor-col-100 elementor-top-column elementor-element elementor-element-93b5dc5\" data-id=\"93b5dc5\" data-element_type=\"column\">\n\t\t\t<div class=\"elementor-widget-wrap\">\n\t\t\t\t\t\t\t<\/div>\n\t\t<\/div>\n\t\t\t\t\t<\/div>\n\t\t<\/section>\n\t\t\t\t<section class=\"elementor-section elementor-top-section elementor-element elementor-element-4f36f75 elementor-section-boxed elementor-section-height-default elementor-section-height-default\" data-id=\"4f36f75\" data-element_type=\"section\">\n\t\t\t\t\t\t<div class=\"elementor-container elementor-column-gap-default\">\n\t\t\t\t\t<div class=\"elementor-column elementor-col-100 elementor-top-column elementor-element elementor-element-14afd2d\" data-id=\"14afd2d\" data-element_type=\"column\">\n\t\t\t<div class=\"elementor-widget-wrap elementor-element-populated\">\n\t\t\t\t\t\t<div class=\"elementor-element elementor-element-df727a7 elementor-widget elementor-widget-heading\" data-id=\"df727a7\" data-element_type=\"widget\" data-widget_type=\"heading.default\">\n\t\t\t\t<div class=\"elementor-widget-container\">\n\t\t\t\t\t<h2 class=\"elementor-heading-title elementor-size-default\"><h1 class=\"elementor-heading-title elementor-size-default elementor-inline-editing pen\" data-elementor-setting-key=\"title\" data-pen-placeholder=\"Eingabe hier...\" contenteditable=\"true\">H\u00fcpfburg abholen<\/h1><\/h2>\t\t\t\t<\/div>\n\t\t\t\t<\/div>\n\t\t\t\t<div class=\"elementor-element elementor-element-61dd3b2 elementor-widget elementor-widget-text-editor\" data-id=\"61dd3b2\" data-element_type=\"widget\" data-widget_type=\"text-editor.default\">\n\t\t\t\t<div class=\"elementor-widget-container\">\n\t\t\t\t\t\t\t\t\t<h3 style=\"text-align: center;\">Windtener Str. 8<\/h3><h3 style=\"text-align: center;\">84174 Eching \/ Haunwang<\/h3>\t\t\t\t\t\t\t\t<\/div>\n\t\t\t\t<\/div>\n\t\t\t\t\t<\/div>\n\t\t<\/div>\n\t\t\t\t\t<\/div>\n\t\t<\/section>\n\t\t\t\t<\/div>\n\t\t","protected":false},"excerpt":{"rendered":"<p>H\u00fcpfburg anfragen H\u00fcpfburg abholen Windtener Str. 8 84174 Eching \/ Haunwang<\/p>\n","protected":false},"author":1,"featured_media":0,"parent":0,"menu_order":0,"comment_status":"closed","ping_status":"closed","template":"elementor_header_footer","meta":{"footnotes":""},"class_list":["post-108","page","type-page","status-publish","hentry"],"_links":{"self":[{"href":"https:\/\/www.springhelden.de\/home\/wp-json\/wp\/v2\/pages\/108","targetHints":{"allow":["GET"]}}],"collection":[{"href":"https:\/\/www.springhelden.de\/home\/wp-json\/wp\/v2\/pages"}],"about":[{"href":"https:\/\/www.springhelden.de\/home\/wp-json\/wp\/v2\/types\/page"}],"author":[{"embeddable":true,"href":"https:\/\/www.springhelden.de\/home\/wp-json\/wp\/v2\/users\/1"}],"replies":[{"embeddable":true,"href":"https:\/\/www.springhelden.de\/home\/wp-json\/wp\/v2\/comments?post=108"}],"version-history":[{"count":80,"href":"https:\/\/www.springhelden.de\/home\/wp-json\/wp\/v2\/pages\/108\/revisions"}],"predecessor-version":[{"id":689,"href":"https:\/\/www.springhelden.de\/home\/wp-json\/wp\/v2\/pages\/108\/revisions\/689"}],"wp:attachment":[{"href":"https:\/\/www.springhelden.de\/home\/wp-json\/wp\/v2\/media?parent=108"}],"curies":[{"name":"wp","href":"https:\/\/api.w.org\/{rel}","templated":true}]}}